he tens digit of (-945)/(-9) - (-2 + 2 - -1)?
0
Let w(h) = -21*h + 1. Let p(g) = 64*g - 3. Let q(j) = 4*p(j) + 11*w(j). What is the units digit of q(1)?
4
Let m = 0 - -2. Suppose -m*a + 15 = 5. Suppose -3 - 2 = 2*i - 3*p, a*p - 9 = 3*i. What is the units digit of i?
2
Let o = 5 + 45. What is the tens digit of o?
5
Suppose -3*v - 193 + 10 = -5*u, v = -1. What is the tens digit of u?
3
Suppose 0*a + 3*a = 9. Suppose 3*w - 68 = -3*v + 4*w, -5*v - a*w + 118 = 0. What is the tens digit of v?
2
Suppose -y = 3*y - 8. What is the tens digit of (195/(-5))/((-3)/y)?
2
Let g be ((-12)/8)/((-6)/20). Suppose g*c = 41 + 24. What is the units digit of c?
3
Let u(q) = -3*q - 6. What is the tens digit of u(-13)?
3
What is the units digit of 1 + (-919)/(-3) - 32/(-48)?
8
Let f = 138 - 87. What is the tens digit of f?
5
Suppose 0 = 3*v - 4*v + 22. Suppose -2*h + 4*j = 3 - 5, 2*j + v = 4*h. Suppose x + h = 18. What is the tens digit of x?
1
Suppose 0 = -l + 2*l - 5*n - 28, 0 = -l + 4*n + 23. What is the units digit of 10*((-3)/(-2))/l?
5
Let u = 15 - 6. Suppose -m + u = 5*a, 5*a - 15 = 3*m + 2*m. Suppose -40 = -3*t - a*t. What is the units digit of t?
8
Suppose 2 - 3 = m. What is the units digit of 2 + 0 + 25 + m?
6
Let k = 1 - 0. Let a = k - 0. What is the units digit of a?
1
Suppose 2*g = 6*g - 192. What is the units digit of g?
8
Suppose -4*b = -246 - 614. What is the tens digit of b?
1
Suppose 5*d - l = -113, 3*l - 8 - 9 = d. Let q = 5 - d. What is the units digit of q?
8
Suppose 2*g = -3*y - 28, -g - 10 - 5 = 2*y. What is the tens digit of (g/3)/(3/(-9))?
1
Suppose -18*v + 6*v = -1968. What is the tens digit of v?
6
Let o = -37 - -43. What is the units digit of o?
6
Suppose 0 = -5*x - 5*w + 155, -2*x + 4*w = 28 - 102. What is the tens digit of x?
3
Let a(r) = -r**3 + 3*r**2 - r - 3. Let i be a(3). Suppose 0 = 2*k - 27 + 291. What is the tens digit of ((-2)/(-4))/(i/k)?
1
Let r(q) = -5*q - 8. Let l be r(-10). Suppose -8*y + 6*y + l = 0. What is the units digit of y?
1
Suppose 4*z + 4*y - 161 = 163, y = 2*z - 162. What is the tens digit of z?
8
Suppose 16 = s + 3*r, -3*s - 13 = -s - 3*r. What is the units digit of 10 + (-3)/(-3) - s?
0
Suppose 3*o = 6*o - 9. Let x(h) = h - 1. Let g be x(o). Suppose 2*r = -4*v + g*v + 34, -2*r + 73 = 5*v. What is the units digit of v?
3
Let j be 21/12 - 1/(-4). Let r be 3/j*(-3 - -43). Suppose -5*f + r = 5*u, -3*f + 0*f = -4*u + 48. What is the units digit of u?
2
Let i(b) = -b**3 + 6*b**2 + b + 4. Let m be i(6). Suppose 8 = 3*w - m. What is the units digit of w?
6
Suppose -2*z - 2 = -0*z. Let t be -6*((-3)/(-6) - z). Let m = t + 15. What is the units digit of m?
6
Let t(q) = 2*q**2 + 0*q**2 - 3*q**2 + 6*q. Let n be 162/39 + 4/(-26). What is the units digit of t(n)?
8
Suppose -3*s - c + 6 - 34 = 0, -s + 5*c = 4. Let g be 1 - (s/1)/3. Suppose g*p = 6*p - 4. What is the units digit of p?
2
Let k(z) = 5*z + 2*z - 3*z - 1 + z**2. Let c be k(-5). Suppose 2*r = -c*p + 10 - 0, 4*r = 4*p - 40. What is the units digit of p?
5
Let v(w) = -w + 7. Let a(f) = -2*f + 8. Let p(d) = 2*a(d) - 3*v(d). Let o be p(-6). What is the units digit of (2/2 - o) + 7?
7
Let v(m) = -m**3 - 7*m**2 - m + 5. Let f be v(-7). Suppose 0*j + 4*j - f = 0. What is the units digit of 5 + 2/3*j?
7
Let f be (1/2)/(2/12). Suppose 0*b + 36 = 2*a + 4*b, a + f*b - 16 = 0. What is the tens digit of a?
2
What is the tens digit of (-1)/((5 - 1)/(-120))?
3
Suppose -295 = -11*b - 31. What is the units digit of b?
4
Let f = 619 - 435. What is the tens digit of f?
8
Let g(j) = -j**3 - 7*j**2 - 5*j - 2. Let p be g(-6). Let q be (-30)/p - (-2)/8. Suppose -q*x + 2*x = -22. What is the units digit of x?
1
Let p be (-1)/3 - 39/(-9). Suppose -2*r - 3 = 2*g + g, 3*g = p*r + 15. What is the units digit of g?
1
Suppose 25*s - 201 = 22*s. What is the units digit of s?
7
Suppose -20*j + 213 = -17*j. What is the tens digit of j?
7
Suppose -11 - 29 = 5*j. What is the tens digit of ((-75)/20)/(3/j)?
1
Suppose 2*h - s = -0*h + 480, 2*s = 4. What is the tens digit of h?
4
Suppose -6*m - 5*v + 85 = -m, 2*m - 2*v - 14 = 0. What is the units digit of (m/15)/4*5?
1
Suppose 4*f - 2*c - 326 = 0, -2*f + 5*c = 3*c - 166. What is the tens digit of f/6 - 5/15?
1
What is the hundreds digit of (-2194)/(-8) - -4 - (-3)/4?
2
Suppose 0*h = 6*h - 6. What is the units digit of h?
1
Let j(d) = 6*d**3 - 2*d**2 - 1. Let r be (2 + 1)*4/6. What is the tens digit of j(r)?
3
Suppose 4*f - 5 = 5*d, -39 = -4*f - 2*d - 13. Suppose 15 = -0*w + f*w. What is the units digit of w?
3
Suppose -j = -3*d + d + 1, 0 = -3*d - 3*j - 3. Suppose s + d = 4. What is the units digit of s?
4
Suppose 17 = 3*b + 2*d, -24 = -2*b - 4*d - 2. Suppose -3*s + 13 = o - 6*s, -b*o = 2*s - 61. What is the units digit of o?
9
Let r be 5/((-10)/(-6)) + -1. Suppose 2 = -r*x + 6. What is the units digit of x?
2
What is the units digit of (-3 + 7/3)*-3*17?
4
Let v = -26 + 12. What is the units digit of (0 + -3)*v/6?
7
Let m be ((-5)/(-15))/(1/18). Suppose 2*r = -8, -5*r + 0*r = 2*p - m. What is the units digit of p?
3
Let l = 0 + 5. Let c(q) = q**3 - 5*q**2 + 2*q - 7. Let u be c(l). Suppose -4*x = -5 - u. What is the units digit of x?
2
Let u = -48 + 95. What is the units digit of u?
7
Let h(w) = w**3 + 3 - 7*w + 17*w + 12*w**2 - 9. Let c be h(-11). Suppose c*t - 5 = 0, 12 = 2*b - 5*t - 11. What is the units digit of b?
4
Let y = 6 - 6. Suppose -2*t + 0*t - 8 = y. Let d = -3 - t. What is the units digit of d?
1
Let d(g) = g**2 + 3*g + 354. What is the units digit of d(0)?
4
Let i be ((-8)/(-20))/((-1)/5). Let c = i + 3. What is the units digit of (-4)/(-8)*c*10?
5
Suppose -9 = 3*g + 9. What is the units digit of g/2 - 204/(-6)?
1
Suppose v - 1 - 1 = 0. Suppose -3*m - 22 = -2*w, -3*w + 32 = -v*m + 4. What is the units digit of ((-6)/2)/((-3)/w)?
8
What is the units digit of (0 - 0) + 12 + -3?
9
Let v = 353 + -30. What is the hundreds digit of v?
3
Suppose 2*r = -0*r + 568. What is the hundreds digit of r?
2
Suppose -3*y - 5*n = -6*y + 15, -5*n = y - 5. What is the units digit of y?
5
Suppose 0 = h + 3*h. What is the tens digit of (24 - 2)/(h + 1)?
2
Suppose 5*c - 2*k - 154 = 0, 0*k = -3*c + 5*k + 81. What is the units digit of c?
2
Suppose 7 = 3*v - 5*m - 13, 0 = 3*v + 3*m - 36. Let r = v + 4. What is the units digit of r?
4
Let x = -18 + 13. Let p be x/15 - (-2)/6. Suppose p = 2*b - 24 + 4. What is the tens digit of b?
1
Suppose b - 379 = -3*l, l = -l - 2*b + 250. What is the tens digit of l?
2
Let y(v) = 3*v**3 + v**2 - v + 1. Let u be y(1). Suppose -5*b + 1 + u = 0. What is the units digit of (-9 - b)*(-1)/2?
5
Let l be (-2)/(-9) + (-2)/9. Suppose l = -3*n + 4*n + 3. Let x = n - -9. What is the units digit of x?
6
Suppose -53*o + 56*o - 162 = 0. What is the units digit of o?
4
Suppose -4*y - 145 = -5*h, -6*y = -3*y. Suppose 0 = -4*z - z - 3*v + 41, 5*z - 3*v - h = 0. What is the units digit of z?
7
Let s(f) = f**2 + f - 4. What is the tens digit of s(-7)?
3
Let x(m) = m**3 - 22*m**2 + 23*m + 50. What is the tens digit of x(21)?
9
Let r = -2 + 7. Let u be (-2)/(-5) + (-248)/(-5). Suppose 0 = -0*s + r*s - u. What is the tens digit of s?
1
Suppose z - 6 = -2*z. Suppose -z*p + 5 = -1. Suppose o + 4 = -o, -4*o + 16 = p*w. What is the units digit of w?
8
Let w be ((-8)/(-6))/(2/9). Suppose 4*b - w*b = -20. What is the tens digit of b?
1
Let o = 13 - 7. Suppose 4*t = o*t - 6. What is the units digit of t?
3
Let v be 123/12 + 3/(-12). Let n = -5 + v. What is the units digit of 1*16 + n + -5?
6
What is the units digit of (3/5)/((-5)/(-1225))?
7
Let l be 3/9 - 8/(-3). Suppose -l*y = -4*y + 12. Suppose -h + 3*h - y = 0. What is the units digit of h?
6
Let p(f) = 3*f**2 + 3*f + 1. Let z(q) = -q**2 + q. Let n(r) = -p(r) - 4*z(r). Let u be 62/8 + 2/8. What is the units digit of n(u)?
7
Let u(o) = -o**2 + 11*o + 3. Let t(v) = -3*v**2 + 32*v + 10. Let l(q) = -6*t(q) + 17*u(q). What is the tens digit of l(8)?
1
Suppose 0 = 2*b - 7*b + 45. What is the units digit of (132/b)/(-4)*-3?
1
Let d = 335 + -200. What is the hundreds digit of d?
1
Suppose -4*w + 4*n + 4 = 0, -4*w - 4*n + 9 = -11. Suppose 5*s - 180 = -w*c, -5*s - c = 3*c - 185. Suppose -5*k + 27 = -s. What is the tens digit of k?
1
Suppose -g = 2*x - 7, 0 = 2*x + 3*g - 3 - 2. What is the tens digit of (22 - 